{"id":121,"date":"2023-10-22T14:19:28","date_gmt":"2023-10-22T14:19:28","guid":{"rendered":"https:\/\/xn--jmtlndskinspiration-gwbd.se\/?page_id=121"},"modified":"2023-11-02T18:51:53","modified_gmt":"2023-11-02T18:51:53","slug":"pressmaterial","status":"publish","type":"page","link":"https:\/\/www.jamtlandskinspiration.se\/?page_id=121","title":{"rendered":"Pressmaterial"},"content":{"rendered":"\n<div class=\"wp-block-columns is-layout-flex wp-container-core-columns-is-layout-9d6595d7 wp-block-columns-is-layout-flex\">\n<div class=\"wp-block-column is-layout-flow wp-block-column-is-layout-flow\" style=\"flex-basis:100%\">\n<figure class=\"wp-block-gallery alignwide has-nested-images columns-default is-cropped wp-block-gallery-1 is-layout-flex wp-block-gallery-is-layout-flex\">\n<figure class=\"wp-block-image size-large\"><img loading=\"lazy\" decoding=\"async\" width=\"1024\" height=\"1024\" data-id=\"129\" src=\"https:\/\/j\u00e4mtl\u00e4ndskinspiration.se\/wp-content\/uploads\/2023\/10\/B60A8251-1-1024x1024.jpg\" alt=\"\" class=\"wp-image-129\" srcset=\"https:\/\/www.jamtlandskinspiration.se\/wp-content\/uploads\/2023\/10\/B60A8251-1-1024x1024.jpg 1024w, https:\/\/www.jamtlandskinspiration.se\/wp-content\/uploads\/2023\/10\/B60A8251-1-300x300.jpg 300w, https:\/\/www.jamtlandskinspiration.se\/wp-content\/uploads\/2023\/10\/B60A8251-1-150x150.jpg 150w, https:\/\/www.jamtlandskinspiration.se\/wp-content\/uploads\/2023\/10\/B60A8251-1-768x768.jpg 768w, https:\/\/www.jamtlandskinspiration.se\/wp-content\/uploads\/2023\/10\/B60A8251-1-1536x1536.jpg 1536w, https:\/\/www.jamtlandskinspiration.se\/wp-content\/uploads\/2023\/10\/B60A8251-1-2048x2048.jpg 2048w, https:\/\/www.jamtlandskinspiration.se\/wp-content\/uploads\/2023\/10\/B60A8251-1-100x100.jpg 100w\" sizes=\"auto, (max-width: 706px) 89vw, (max-width: 767px) 82vw, 740px\" \/><\/figure>\n\n\n\n<figure class=\"wp-block-image size-large\"><img loading=\"lazy\" decoding=\"async\" width=\"1024\" height=\"1024\" data-id=\"130\" src=\"https:\/\/j\u00e4mtl\u00e4ndskinspiration.se\/wp-content\/uploads\/2023\/10\/B60A8267-1-1024x1024.jpg\" alt=\"\" class=\"wp-image-130\" srcset=\"https:\/\/www.jamtlandskinspiration.se\/wp-content\/uploads\/2023\/10\/B60A8267-1-1024x1024.jpg 1024w, https:\/\/www.jamtlandskinspiration.se\/wp-content\/uploads\/2023\/10\/B60A8267-1-300x300.jpg 300w, https:\/\/www.jamtlandskinspiration.se\/wp-content\/uploads\/2023\/10\/B60A8267-1-150x150.jpg 150w, https:\/\/www.jamtlandskinspiration.se\/wp-content\/uploads\/2023\/10\/B60A8267-1-768x768.jpg 768w, https:\/\/www.jamtlandskinspiration.se\/wp-content\/uploads\/2023\/10\/B60A8267-1-1536x1536.jpg 1536w, https:\/\/www.jamtlandskinspiration.se\/wp-content\/uploads\/2023\/10\/B60A8267-1-2048x2048.jpg 2048w, https:\/\/www.jamtlandskinspiration.se\/wp-content\/uploads\/2023\/10\/B60A8267-1-100x100.jpg 100w\" sizes=\"auto, (max-width: 706px) 89vw, (max-width: 767px) 82vw, 740px\" \/><\/figure>\n\n\n\n<figure class=\"wp-block-image size-large\"><img loading=\"lazy\" decoding=\"async\" width=\"768\" height=\"1024\" data-id=\"131\" src=\"https:\/\/xn--jmtlndskinspiration-gwbd.se\/wp-content\/uploads\/2023\/10\/IMG_20231017_151156_441-768x1024.jpg\" alt=\"\" class=\"wp-image-131\" srcset=\"https:\/\/www.jamtlandskinspiration.se\/wp-content\/uploads\/2023\/10\/IMG_20231017_151156_441-768x1024.jpg 768w, https:\/\/www.jamtlandskinspiration.se\/wp-content\/uploads\/2023\/10\/IMG_20231017_151156_441-225x300.jpg 225w, https:\/\/www.jamtlandskinspiration.se\/wp-content\/uploads\/2023\/10\/IMG_20231017_151156_441.jpg 960w\" sizes=\"auto, (max-width: 706px) 89vw, (max-width: 767px) 82vw, 740px\" \/><\/figure>\n<\/figure>\n<\/div>\n<\/div>\n\n\n\n<figure class=\"wp-block-gallery alignwide has-nested-images columns-default is-cropped wp-block-gallery-2 is-layout-flex wp-block-gallery-is-layout-flex\">\n<figure class=\"wp-block-image size-large\"><img loading=\"lazy\" decoding=\"async\" width=\"683\" height=\"1024\" data-id=\"132\" src=\"https:\/\/xn--jmtlndskinspiration-gwbd.se\/wp-content\/uploads\/2023\/10\/Sonia-Elvstal-balanserar-683x1024.jpg\" alt=\"\" class=\"wp-image-132\" srcset=\"https:\/\/www.jamtlandskinspiration.se\/wp-content\/uploads\/2023\/10\/Sonia-Elvstal-balanserar-683x1024.jpg 683w, https:\/\/www.jamtlandskinspiration.se\/wp-content\/uploads\/2023\/10\/Sonia-Elvstal-balanserar-200x300.jpg 200w, https:\/\/www.jamtlandskinspiration.se\/wp-content\/uploads\/2023\/10\/Sonia-Elvstal-balanserar-768x1152.jpg 768w, https:\/\/www.jamtlandskinspiration.se\/wp-content\/uploads\/2023\/10\/Sonia-Elvstal-balanserar-1024x1536.jpg 1024w, https:\/\/www.jamtlandskinspiration.se\/wp-content\/uploads\/2023\/10\/Sonia-Elvstal-balanserar-1365x2048.jpg 1365w, https:\/\/www.jamtlandskinspiration.se\/wp-content\/uploads\/2023\/10\/Sonia-Elvstal-balanserar-scaled.jpg 1707w\" sizes=\"auto, (max-width: 683px) 100vw, 683px\" \/><\/figure>\n\n\n\n<figure class=\"wp-block-image size-large\"><img loading=\"lazy\" decoding=\"async\" width=\"683\" height=\"1024\" data-id=\"133\" src=\"https:\/\/xn--jmtlndskinspiration-gwbd.se\/wp-content\/uploads\/2023\/10\/Sonia-Elvstal-i-snowboardbacken-683x1024.jpeg\" alt=\"\" class=\"wp-image-133\" srcset=\"https:\/\/www.jamtlandskinspiration.se\/wp-content\/uploads\/2023\/10\/Sonia-Elvstal-i-snowboardbacken-683x1024.jpeg 683w, https:\/\/www.jamtlandskinspiration.se\/wp-content\/uploads\/2023\/10\/Sonia-Elvstal-i-snowboardbacken-200x300.jpeg 200w, https:\/\/www.jamtlandskinspiration.se\/wp-content\/uploads\/2023\/10\/Sonia-Elvstal-i-snowboardbacken-768x1152.jpeg 768w, https:\/\/www.jamtlandskinspiration.se\/wp-content\/uploads\/2023\/10\/Sonia-Elvstal-i-snowboardbacken-1024x1536.jpeg 1024w, https:\/\/www.jamtlandskinspiration.se\/wp-content\/uploads\/2023\/10\/Sonia-Elvstal-i-snowboardbacken-1365x2048.jpeg 1365w, https:\/\/www.jamtlandskinspiration.se\/wp-content\/uploads\/2023\/10\/Sonia-Elvstal-i-snowboardbacken-scaled.jpeg 1707w\" sizes=\"auto, (max-width: 683px) 100vw, 683px\" \/><\/figure>\n\n\n\n<figure class=\"wp-block-image size-large\"><img loading=\"lazy\" decoding=\"async\" width=\"683\" height=\"1024\" data-id=\"134\" src=\"https:\/\/xn--jmtlndskinspiration-gwbd.se\/wp-content\/uploads\/2023\/10\/Sonia-Elvstal-protes-vinter-1-683x1024.jpeg\" alt=\"\" class=\"wp-image-134\" srcset=\"https:\/\/www.jamtlandskinspiration.se\/wp-content\/uploads\/2023\/10\/Sonia-Elvstal-protes-vinter-1-683x1024.jpeg 683w, https:\/\/www.jamtlandskinspiration.se\/wp-content\/uploads\/2023\/10\/Sonia-Elvstal-protes-vinter-1-200x300.jpeg 200w, https:\/\/www.jamtlandskinspiration.se\/wp-content\/uploads\/2023\/10\/Sonia-Elvstal-protes-vinter-1-768x1152.jpeg 768w, https:\/\/www.jamtlandskinspiration.se\/wp-content\/uploads\/2023\/10\/Sonia-Elvstal-protes-vinter-1-1024x1536.jpeg 1024w, https:\/\/www.jamtlandskinspiration.se\/wp-content\/uploads\/2023\/10\/Sonia-Elvstal-protes-vinter-1-1365x2048.jpeg 1365w, https:\/\/www.jamtlandskinspiration.se\/wp-content\/uploads\/2023\/10\/Sonia-Elvstal-protes-vinter-1-scaled.jpeg 1707w\" sizes=\"auto, (max-width: 683px) 100vw, 683px\" \/><\/figure>\n<\/figure>\n\n\n\n<figure class=\"wp-block-gallery alignwide has-nested-images columns-default is-cropped wp-block-gallery-3 is-layout-flex wp-block-gallery-is-layout-flex\">\n<figure class=\"wp-block-image size-large\"><img loading=\"lazy\" decoding=\"async\" width=\"683\" height=\"1024\" data-id=\"135\" src=\"https:\/\/xn--jmtlndskinspiration-gwbd.se\/wp-content\/uploads\/2023\/10\/Sonia-Elvstal-protes-683x1024.jpg\" alt=\"\" class=\"wp-image-135\" srcset=\"https:\/\/www.jamtlandskinspiration.se\/wp-content\/uploads\/2023\/10\/Sonia-Elvstal-protes-683x1024.jpg 683w, https:\/\/www.jamtlandskinspiration.se\/wp-content\/uploads\/2023\/10\/Sonia-Elvstal-protes-200x300.jpg 200w, https:\/\/www.jamtlandskinspiration.se\/wp-content\/uploads\/2023\/10\/Sonia-Elvstal-protes-768x1152.jpg 768w, https:\/\/www.jamtlandskinspiration.se\/wp-content\/uploads\/2023\/10\/Sonia-Elvstal-protes-1024x1536.jpg 1024w, https:\/\/www.jamtlandskinspiration.se\/wp-content\/uploads\/2023\/10\/Sonia-Elvstal-protes-1365x2048.jpg 1365w, https:\/\/www.jamtlandskinspiration.se\/wp-content\/uploads\/2023\/10\/Sonia-Elvstal-protes-scaled.jpg 1707w\" sizes=\"auto, (max-width: 683px) 100vw, 683px\" \/><\/figure>\n\n\n\n<figure class=\"wp-block-image size-large\"><img loading=\"lazy\" decoding=\"async\" width=\"683\" height=\"1024\" data-id=\"136\" src=\"https:\/\/xn--jmtlndskinspiration-gwbd.se\/wp-content\/uploads\/2023\/10\/Sonia-Elvstal-profilbild-683x1024.jpg\" alt=\"\" class=\"wp-image-136\" srcset=\"https:\/\/www.jamtlandskinspiration.se\/wp-content\/uploads\/2023\/10\/Sonia-Elvstal-profilbild-683x1024.jpg 683w, https:\/\/www.jamtlandskinspiration.se\/wp-content\/uploads\/2023\/10\/Sonia-Elvstal-profilbild-200x300.jpg 200w, https:\/\/www.jamtlandskinspiration.se\/wp-content\/uploads\/2023\/10\/Sonia-Elvstal-profilbild-768x1152.jpg 768w, https:\/\/www.jamtlandskinspiration.se\/wp-content\/uploads\/2023\/10\/Sonia-Elvstal-profilbild-1024x1536.jpg 1024w, https:\/\/www.jamtlandskinspiration.se\/wp-content\/uploads\/2023\/10\/Sonia-Elvstal-profilbild-1365x2048.jpg 1365w, https:\/\/www.jamtlandskinspiration.se\/wp-content\/uploads\/2023\/10\/Sonia-Elvstal-profilbild-scaled.jpg 1707w\" sizes=\"auto, (max-width: 683px) 100vw, 683px\" \/><\/figure>\n\n\n\n<figure class=\"wp-block-image size-full\"><img loading=\"lazy\" decoding=\"async\" width=\"612\" height=\"612\" data-id=\"137\" src=\"https:\/\/xn--jmtlndskinspiration-gwbd.se\/wp-content\/uploads\/2023\/10\/Nar-benet-kapades-borjade-mitt-liv-1.jpg\" alt=\"\" class=\"wp-image-137\" srcset=\"https:\/\/www.jamtlandskinspiration.se\/wp-content\/uploads\/2023\/10\/Nar-benet-kapades-borjade-mitt-liv-1.jpg 612w, https:\/\/www.jamtlandskinspiration.se\/wp-content\/uploads\/2023\/10\/Nar-benet-kapades-borjade-mitt-liv-1-300x300.jpg 300w, https:\/\/www.jamtlandskinspiration.se\/wp-content\/uploads\/2023\/10\/Nar-benet-kapades-borjade-mitt-liv-1-150x150.jpg 150w, https:\/\/www.jamtlandskinspiration.se\/wp-content\/uploads\/2023\/10\/Nar-benet-kapades-borjade-mitt-liv-1-100x100.jpg 100w\" sizes=\"auto, (max-width: 612px) 100vw, 612px\" \/><\/figure>\n<\/figure>\n\n\n\n<figure class=\"wp-block-gallery alignwide has-nested-images columns-default is-cropped wp-block-gallery-4 is-layout-flex wp-block-gallery-is-layout-flex\">\n<figure class=\"wp-block-image size-large\"><img loading=\"lazy\" decoding=\"async\" width=\"1024\" height=\"576\" data-id=\"138\" src=\"https:\/\/xn--jmtlndskinspiration-gwbd.se\/wp-content\/uploads\/2023\/10\/Jamtlandskinspiration-1024x576.png\" alt=\"\" class=\"wp-image-138\" srcset=\"https:\/\/www.jamtlandskinspiration.se\/wp-content\/uploads\/2023\/10\/Jamtlandskinspiration-1024x576.png 1024w, https:\/\/www.jamtlandskinspiration.se\/wp-content\/uploads\/2023\/10\/Jamtlandskinspiration-300x169.png 300w, https:\/\/www.jamtlandskinspiration.se\/wp-content\/uploads\/2023\/10\/Jamtlandskinspiration-768x432.png 768w, https:\/\/www.jamtlandskinspiration.se\/wp-content\/uploads\/2023\/10\/Jamtlandskinspiration-1536x864.png 1536w, https:\/\/www.jamtlandskinspiration.se\/wp-content\/uploads\/2023\/10\/Jamtlandskinspiration-2048x1152.png 2048w\" sizes=\"auto, (max-width: 706px) 89vw, (max-width: 767px) 82vw, 740px\" \/><\/figure>\n<\/figure>\n","protected":false},"excerpt":{"rendered":"","protected":false},"author":1,"featured_media":0,"parent":0,"menu_order":0,"comment_status":"closed","ping_status":"closed","template":"","meta":{"footnotes":""},"class_list":["post-121","page","type-page","status-publish","hentry"],"yoast_head":"<!-- This site is optimized with the Yoast SEO plugin v27.4 - https:\/\/yoast.com\/product\/yoast-seo-wordpress\/ -->\n<title>Pressmaterial - J\u00e4mtl\u00e4ndsk Inspiration<\/title>\n<meta name=\"robots\" content=\"index, follow, max-snippet:-1, max-image-preview:large, max-video-preview:-1\" \/>\n<link rel=\"canonical\" href=\"https:\/\/www.jamtlandskinspiration.se\/?page_id=121\" \/>\n<meta property=\"og:locale\" content=\"sv_SE\" \/>\n<meta property=\"og:type\" content=\"article\" \/>\n<meta property=\"og:title\" content=\"Pressmaterial - J\u00e4mtl\u00e4ndsk Inspiration\" \/>\n<meta property=\"og:url\" content=\"https:\/\/www.jamtlandskinspiration.se\/?page_id=121\" \/>\n<meta property=\"og:site_name\" content=\"J\u00e4mtl\u00e4ndsk Inspiration\" \/>\n<meta property=\"article:publisher\" content=\"https:\/\/www.facebook.com\/SoniaElvstal\" \/>\n<meta property=\"article:modified_time\" content=\"2023-11-02T18:51:53+00:00\" \/>\n<meta property=\"og:image\" content=\"https:\/\/xn--jmtlndskinspiration-gwbd.se\/wp-content\/uploads\/2023\/10\/IMG_20231017_151156_441-768x1024.jpg\" \/>\n<meta name=\"twitter:card\" content=\"summary_large_image\" \/>\n<script type=\"application\/ld+json\" class=\"yoast-schema-graph\">{\"@context\":\"https:\\\/\\\/schema.org\",\"@graph\":[{\"@type\":\"WebPage\",\"@id\":\"https:\\\/\\\/www.jamtlandskinspiration.se\\\/?page_id=121\",\"url\":\"https:\\\/\\\/www.jamtlandskinspiration.se\\\/?page_id=121\",\"name\":\"Pressmaterial - J\u00e4mtl\u00e4ndsk Inspiration\",\"isPartOf\":{\"@id\":\"https:\\\/\\\/www.jamtlandskinspiration.se\\\/#website\"},\"primaryImageOfPage\":{\"@id\":\"https:\\\/\\\/www.jamtlandskinspiration.se\\\/?page_id=121#primaryimage\"},\"image\":{\"@id\":\"https:\\\/\\\/www.jamtlandskinspiration.se\\\/?page_id=121#primaryimage\"},\"thumbnailUrl\":\"https:\\\/\\\/xn--jmtlndskinspiration-gwbd.se\\\/wp-content\\\/uploads\\\/2023\\\/10\\\/IMG_20231017_151156_441-768x1024.jpg\",\"datePublished\":\"2023-10-22T14:19:28+00:00\",\"dateModified\":\"2023-11-02T18:51:53+00:00\",\"breadcrumb\":{\"@id\":\"https:\\\/\\\/www.jamtlandskinspiration.se\\\/?page_id=121#breadcrumb\"},\"inLanguage\":\"sv-SE\",\"potentialAction\":[{\"@type\":\"ReadAction\",\"target\":[\"https:\\\/\\\/www.jamtlandskinspiration.se\\\/?page_id=121\"]}]},{\"@type\":\"ImageObject\",\"inLanguage\":\"sv-SE\",\"@id\":\"https:\\\/\\\/www.jamtlandskinspiration.se\\\/?page_id=121#primaryimage\",\"url\":\"https:\\\/\\\/xn--jmtlndskinspiration-gwbd.se\\\/wp-content\\\/uploads\\\/2023\\\/10\\\/IMG_20231017_151156_441-768x1024.jpg\",\"contentUrl\":\"https:\\\/\\\/xn--jmtlndskinspiration-gwbd.se\\\/wp-content\\\/uploads\\\/2023\\\/10\\\/IMG_20231017_151156_441-768x1024.jpg\"},{\"@type\":\"BreadcrumbList\",\"@id\":\"https:\\\/\\\/www.jamtlandskinspiration.se\\\/?page_id=121#breadcrumb\",\"itemListElement\":[{\"@type\":\"ListItem\",\"position\":1,\"name\":\"Inspiration &amp; f\u00f6rel\u00e4sningar\",\"item\":\"https:\\\/\\\/www.jamtlandskinspiration.se\\\/\"},{\"@type\":\"ListItem\",\"position\":2,\"name\":\"Pressmaterial\"}]},{\"@type\":\"WebSite\",\"@id\":\"https:\\\/\\\/www.jamtlandskinspiration.se\\\/#website\",\"url\":\"https:\\\/\\\/www.jamtlandskinspiration.se\\\/\",\"name\":\"J\u00e4mtl\u00e4ndsk Inspiration\",\"description\":\"Inspiration &amp; f\u00f6rel\u00e4sningar - Sonia Elvst\u00e5l\",\"publisher\":{\"@id\":\"https:\\\/\\\/www.jamtlandskinspiration.se\\\/#organization\"},\"alternateName\":\"Sonia Elvst\u00e5l\",\"potentialAction\":[{\"@type\":\"SearchAction\",\"target\":{\"@type\":\"EntryPoint\",\"urlTemplate\":\"https:\\\/\\\/www.jamtlandskinspiration.se\\\/?s={search_term_string}\"},\"query-input\":{\"@type\":\"PropertyValueSpecification\",\"valueRequired\":true,\"valueName\":\"search_term_string\"}}],\"inLanguage\":\"sv-SE\"},{\"@type\":\"Organization\",\"@id\":\"https:\\\/\\\/www.jamtlandskinspiration.se\\\/#organization\",\"name\":\"J\u00e4mtl\u00e4ndsk Inspiration\",\"alternateName\":\"Sonia Elvst\u00e5l\",\"url\":\"https:\\\/\\\/www.jamtlandskinspiration.se\\\/\",\"logo\":{\"@type\":\"ImageObject\",\"inLanguage\":\"sv-SE\",\"@id\":\"https:\\\/\\\/www.jamtlandskinspiration.se\\\/#\\\/schema\\\/logo\\\/image\\\/\",\"url\":\"https:\\\/\\\/www.jamtlandskinspiration.se\\\/wp-content\\\/uploads\\\/2023\\\/10\\\/cropped-Ja\u2560emtla\u2560endskinspiration.png\",\"contentUrl\":\"https:\\\/\\\/www.jamtlandskinspiration.se\\\/wp-content\\\/uploads\\\/2023\\\/10\\\/cropped-Ja\u2560emtla\u2560endskinspiration.png\",\"width\":450,\"height\":250,\"caption\":\"J\u00e4mtl\u00e4ndsk Inspiration\"},\"image\":{\"@id\":\"https:\\\/\\\/www.jamtlandskinspiration.se\\\/#\\\/schema\\\/logo\\\/image\\\/\"},\"sameAs\":[\"https:\\\/\\\/www.facebook.com\\\/SoniaElvstal\"]}]}<\/script>\n<!-- \/ Yoast SEO plugin. -->","yoast_head_json":{"title":"Pressmaterial - J\u00e4mtl\u00e4ndsk Inspiration","robots":{"index":"index","follow":"follow","max-snippet":"max-snippet:-1","max-image-preview":"max-image-preview:large","max-video-preview":"max-video-preview:-1"},"canonical":"https:\/\/www.jamtlandskinspiration.se\/?page_id=121","og_locale":"sv_SE","og_type":"article","og_title":"Pressmaterial - J\u00e4mtl\u00e4ndsk Inspiration","og_url":"https:\/\/www.jamtlandskinspiration.se\/?page_id=121","og_site_name":"J\u00e4mtl\u00e4ndsk Inspiration","article_publisher":"https:\/\/www.facebook.com\/SoniaElvstal","article_modified_time":"2023-11-02T18:51:53+00:00","og_image":[{"url":"https:\/\/xn--jmtlndskinspiration-gwbd.se\/wp-content\/uploads\/2023\/10\/IMG_20231017_151156_441-768x1024.jpg","type":"","width":"","height":""}],"twitter_card":"summary_large_image","schema":{"@context":"https:\/\/schema.org","@graph":[{"@type":"WebPage","@id":"https:\/\/www.jamtlandskinspiration.se\/?page_id=121","url":"https:\/\/www.jamtlandskinspiration.se\/?page_id=121","name":"Pressmaterial - J\u00e4mtl\u00e4ndsk Inspiration","isPartOf":{"@id":"https:\/\/www.jamtlandskinspiration.se\/#website"},"primaryImageOfPage":{"@id":"https:\/\/www.jamtlandskinspiration.se\/?page_id=121#primaryimage"},"image":{"@id":"https:\/\/www.jamtlandskinspiration.se\/?page_id=121#primaryimage"},"thumbnailUrl":"https:\/\/xn--jmtlndskinspiration-gwbd.se\/wp-content\/uploads\/2023\/10\/IMG_20231017_151156_441-768x1024.jpg","datePublished":"2023-10-22T14:19:28+00:00","dateModified":"2023-11-02T18:51:53+00:00","breadcrumb":{"@id":"https:\/\/www.jamtlandskinspiration.se\/?page_id=121#breadcrumb"},"inLanguage":"sv-SE","potentialAction":[{"@type":"ReadAction","target":["https:\/\/www.jamtlandskinspiration.se\/?page_id=121"]}]},{"@type":"ImageObject","inLanguage":"sv-SE","@id":"https:\/\/www.jamtlandskinspiration.se\/?page_id=121#primaryimage","url":"https:\/\/xn--jmtlndskinspiration-gwbd.se\/wp-content\/uploads\/2023\/10\/IMG_20231017_151156_441-768x1024.jpg","contentUrl":"https:\/\/xn--jmtlndskinspiration-gwbd.se\/wp-content\/uploads\/2023\/10\/IMG_20231017_151156_441-768x1024.jpg"},{"@type":"BreadcrumbList","@id":"https:\/\/www.jamtlandskinspiration.se\/?page_id=121#breadcrumb","itemListElement":[{"@type":"ListItem","position":1,"name":"Inspiration &amp; f\u00f6rel\u00e4sningar","item":"https:\/\/www.jamtlandskinspiration.se\/"},{"@type":"ListItem","position":2,"name":"Pressmaterial"}]},{"@type":"WebSite","@id":"https:\/\/www.jamtlandskinspiration.se\/#website","url":"https:\/\/www.jamtlandskinspiration.se\/","name":"J\u00e4mtl\u00e4ndsk Inspiration","description":"Inspiration &amp; f\u00f6rel\u00e4sningar - Sonia Elvst\u00e5l","publisher":{"@id":"https:\/\/www.jamtlandskinspiration.se\/#organization"},"alternateName":"Sonia Elvst\u00e5l","potentialAction":[{"@type":"SearchAction","target":{"@type":"EntryPoint","urlTemplate":"https:\/\/www.jamtlandskinspiration.se\/?s={search_term_string}"},"query-input":{"@type":"PropertyValueSpecification","valueRequired":true,"valueName":"search_term_string"}}],"inLanguage":"sv-SE"},{"@type":"Organization","@id":"https:\/\/www.jamtlandskinspiration.se\/#organization","name":"J\u00e4mtl\u00e4ndsk Inspiration","alternateName":"Sonia Elvst\u00e5l","url":"https:\/\/www.jamtlandskinspiration.se\/","logo":{"@type":"ImageObject","inLanguage":"sv-SE","@id":"https:\/\/www.jamtlandskinspiration.se\/#\/schema\/logo\/image\/","url":"https:\/\/www.jamtlandskinspiration.se\/wp-content\/uploads\/2023\/10\/cropped-Ja\u2560emtla\u2560endskinspiration.png","contentUrl":"https:\/\/www.jamtlandskinspiration.se\/wp-content\/uploads\/2023\/10\/cropped-Ja\u2560emtla\u2560endskinspiration.png","width":450,"height":250,"caption":"J\u00e4mtl\u00e4ndsk Inspiration"},"image":{"@id":"https:\/\/www.jamtlandskinspiration.se\/#\/schema\/logo\/image\/"},"sameAs":["https:\/\/www.facebook.com\/SoniaElvstal"]}]}},"_links":{"self":[{"href":"https:\/\/www.jamtlandskinspiration.se\/index.php?rest_route=\/wp\/v2\/pages\/121","targetHints":{"allow":["GET"]}}],"collection":[{"href":"https:\/\/www.jamtlandskinspiration.se\/index.php?rest_route=\/wp\/v2\/pages"}],"about":[{"href":"https:\/\/www.jamtlandskinspiration.se\/index.php?rest_route=\/wp\/v2\/types\/page"}],"author":[{"embeddable":true,"href":"https:\/\/www.jamtlandskinspiration.se\/index.php?rest_route=\/wp\/v2\/users\/1"}],"replies":[{"embeddable":true,"href":"https:\/\/www.jamtlandskinspiration.se\/index.php?rest_route=%2Fwp%2Fv2%2Fcomments&post=121"}],"version-history":[{"count":6,"href":"https:\/\/www.jamtlandskinspiration.se\/index.php?rest_route=\/wp\/v2\/pages\/121\/revisions"}],"predecessor-version":[{"id":177,"href":"https:\/\/www.jamtlandskinspiration.se\/index.php?rest_route=\/wp\/v2\/pages\/121\/revisions\/177"}],"wp:attachment":[{"href":"https:\/\/www.jamtlandskinspiration.se\/index.php?rest_route=%2Fwp%2Fv2%2Fmedia&parent=121"}],"curies":[{"name":"wp","href":"https:\/\/api.w.org\/{rel}","templated":true}]}}